?
False
Is 28716408769 composite?
True
Is 12151349695 a prime number?
False
Is 1294571371 a prime number?
False
Is 14591015429 a composite number?
False
Is 905591677 prime?
True
Is 328049389 prime?
True
Is 10989254831 composite?
True
Is 123042880819 a prime number?
True
Is 7253964989 a composite number?
True
Is 10475022301 a prime number?
False
Is 9299959057 a composite number?
False
Is 483766631 prime?
True
Is 24057389527 a prime number?
True
Is 10340338907 composite?
False
Is 199537391 prime?
False
Is 4447229951 a composite number?
False
Is 3178536553 a prime number?
True
Is 136370365709 composite?
False
Is 1854703537 composite?
True
Is 17648017087 prime?
True
Is 17759427407 a composite number?
False
Is 68072339 composite?
False
Is 44118768803 a composite number?
True
Is 671685121 a composite number?
False
Is 57228158005 prime?
False
Is 2375557447 composite?
False
Is 190187999 a prime number?
True
Is 62465457919 a composite number?
True
Is 378396791 composite?
False
Is 2967948557 prime?
False
Is 2228913833 prime?
True
Is 22034421229 composite?
False
Is 8150768063 a composite number?
False
Is 268690159 composite?
True
Is 3260378153 composite?
False
Is 5569251293 prime?
False
Is 14992229761 a composite number?
True
Is 1145049533 prime?
True
Is 9295386985 a composite number?
True
Is 3823811437 a composite number?
True
Is 453459318863 composite?
False
Is 946599851 composite?
False
Is 9367264003 a composite number?
False
Is 360135697 a composite number?
False
Is 6038679347 prime?
True
Is 10061307643 composite?
False
Is 121818029 a prime number?
False
Is 1997223601 composite?
False
Is 143679287 a prime number?
True
Is 222033949 composite?
True
Is 37647369257 prime?
True
Is 77515679 a prime number?
False
Is 3040543871 a prime number?
False
Is 6675449293 a composite number?
False
Is 962455063 prime?
False
Is 4998488713 prime?
True
Is 16448300197 composite?
True
Is 220345468751 composite?
False
Is 6656339453 prime?
True
Is 352929211 composite?
False
Is 1040251997 a prime number?
True
Is 577891199 a composite number?
False
Is 141569063 prime?
True
Is 1479514937 prime?
True
Is 88318545149 a composite number?
False
Is 5572127923 a composite number?
False
Is 316165531519 a composite number?
True
Is 222017503 a prime number?
True
Is 382495951 prime?
False
Is 85993801 prime?
True
Is 5687845061 prime?
True
Is 65134275049 a composite number?
False
Is 2871851909 composite?
False
Is 47153219263 a composite number?
False
Is 78656320747 prime?
True
Is 62388311899 prime?
False
Is 108715433 prime?
False
Is 25313306243 prime?
True
Is 856176161 prime?
True
Is 23734775003 a prime number?
False
Is 3947008661 a composite number?
True
Is 273057635233 a composite number?
True
Is 4929308633 a composite number?
False
Is 531454397 composite?
False
Is 3918933191 a prime number?
False
Is 42955511023 composite?
True
Is 676455481 a prime number?
False
Is 114898237 composite?
True
Is 55100153 a composite number?
False
Is 34424567 a prime number?
True
Is 1524303337 a prime number?
False
Is 8742532129 composite?
False
Is 2658864143 a prime number?
False
Is 2197635389 composite?
False
Is 148022257 composite?
False
Is 700642321 composite?
True
Is 173447661 a composite number?
True
Is 12743398 prime?
False
Is 1384062571 a prime number?
True
Is 220180569569 a composite number?
True
Is 121609781437 composite?
True
Is 736317629 a prime number?
True
Is 784383659 prime?
True
Is 73839469733 prime?
True
Is 19308001 prime?
True
Is 30300706669 a composite number?
False
Is 2576683427 composite?
False
Is 3015798607 composite?
False
Is 27633906709 composite?
False
Is 15703800809 a prime number?
False
Is 1522140929 composite?
True
Is 36160374247 a composite number?
True
Is 398096473 a composite number?
True
Is 40249141 composite?
True
Is 31050440711 prime?
True
Is 3255927263 composite?
True
Is 157153859971 a composite number?
True
Is 23376271 a composite number?
False
Is 24156534361 a composite number?
False
Is 231416423047 prime?
False
Is 1176100799 composite?
True
Is 42411667 a composite number?
True
Is 273616373 a prime number?
False
Is 146251351573 composite?
False
Is 407248169 a prime number?
False
Is 483936529 composite?
False
Is 6796297 a prime number?
True
Is 41000591053 a prime number?
False
Is 344372333 prime?
True
Is 3049286983 prime?
False
Is 1692037517 a prime number?
True
Is 504806317 a prime number?
False
Is 438486673 composite?
False
Is 5943548161 composite?
True
Is 15987639029 a composite number?
False
Is 1827626722 a composite number?
True
Is 12881071877 prime?
True
Is 1761630533 a prime number?
False
Is 98841055 a prime number?
False
Is 424865873 a prime number?
True
Is 55655815141 prime?
False
Is 4937430431 a prime number?
True
Is 25605305441 a composite number?
False
Is 1432633213 a composite number?
True
Is 49183574707 composite?
False
Is 1166308499 a composite number?
False
Is 93870387629 composite?
True
Is 3758291227 prime?
True
Is 2445919123 composite?
False
Is 1704640618 composite?
True
Is 713676919 prime?
True
Is 10934796479 a prime number?
True
Is 3736511503 composite?
False
Is 810605555 a composite number?
True
Is 1185959517 a composite number?
True
Is 101662189 a composite number?
False
Is 71271802783 prime?
True
Is 318133313021 a prime number?
True
Is 5588403571 prime?
True
Is 4666243817 composite?
False
Is 18095029153 a prime number?
False
Is 10359695471 prime?
False
Is 4992854297 prime?
True
Is 3711737923 a prime number?
False
Is 18172720565 prime?
False
Is 131883473 composite?
False
Is 6648911041 prime?
True
Is 194404775711 a composite number?
True
Is 78356899 a composite number?
True
Is 1004571259 a prime number?
False
Is 65928908635 prime?
False
Is 16295804653 a prime number?
False
Is 432590462 a composite number?
True
Is 39817387 prime?
True
Is 496110227 composite?
False
Is 54228450239 a prime number?
True
Is 77156077 composite?
True
Is 1339111717 composite?
True
Is 6624828537 composite?
True
Is 66664979 composite?
False
Is 3094487 prime?
False
Is 2360489935 a prime number?
False
Is 27439950187 composite?
True
Is 79305829439 a composite number?
False
Is 64602006751 composite?
True
Is 48009298361 composite?
True
Is 1183072187 a composite number?
True
Is 437340577 prime?
False
Is 116327367701 a prime number?
True
Is 33372128786 a composite number?
True
Is 83190740407 a prime number?
True
Is 9830551477 a prime number?
True
Is 2975176027 a prime number?
True
Is 2866726111 a prime number?
True
Is 30621552979 prime?
True
Is 9841652141 composite?
False
Is 222145249 prime?
False
Is 225784387 composite?
True
Is 40340131771 a prime number?
True
Is 2218846387 a composite number?
True
Is 472503415 prime?
False
Is 91328146519 a prime number?
True
Is 18532447 composite?
False
Is 853793113 composite?
True
Is 50574108541 a prime number?
False
Is 60914185355 prime?
False
Is 2289931207 prime?
False
Is 2220872509 a composite number?
True
Is 981155711 prime?
False
Is 1348148567 a prime number?
True
Is 52715953 composite?
False
Is 592219487 a prime number?
True
Is 1662461387 composite?
False
Is 25527662299 composite?
False
Is 185054826521 a prime number?
True
Is 12375017 a composite number?
False
Is 51283469 a prime number?
True
Is 41226226715 prime?
False
Is 2323922563 prime?
True
Is 264325387 prime?
True
Is 3830535953 a composite number?
False
Is 70016038 prime?
False
Is 53607016349 composite?
True
Is 22117842254 composite?
True
Is 289962913 a prime number?
True
Is 5726213219 a composite number?
False
Is 7607604971 composite?
True
Is 103100310931 a composite number?
False
Is 7415050355 composite?
True
Is 13719167159 prime?
True
Is 1441067177 composite?
True
Is 2001967589 composite?
False
Is 3905945167 a composite number?
False
Is 2063762647 a composite number?
False
Is 3091135361 a composite number?
False
Is 25506881203 prime?
False
Is 5311067483 prime?
False
Is 2540862659 a composite number?
False
Is 2267560727 prime?
True
Is 171749218 composite?
True
Is 18383994581 composite?
False
Is 3560327699 prime?
False
Is 2033030161 a prime number?
False
Is 3798943591 composite?
False
Is 20371207189 prime?
False
Is 1759076687 composite?
False
Is 10014450239 prime?
False
Is 77732714813 a composite number?
True
Is 233200691569 a prime number?
False
Is 8338871987 a composite number?
Tr